{"id":3492,"date":"2025-12-11T14:49:04","date_gmt":"2025-12-11T13:49:04","guid":{"rendered":"https:\/\/hotelardesia.com\/preise"},"modified":"2025-12-11T14:49:04","modified_gmt":"2025-12-11T13:49:04","slug":"preise","status":"publish","type":"page","link":"https:\/\/hotelardesia.com\/de\/preise","title":{"rendered":"Preise"},"content":{"rendered":"<div class=\"wpb-content-wrapper\"><p>[vc_row css_animation=&#8220;&#8220; row_type=&#8220;row&#8220; use_row_as_full_screen_section=&#8220;no&#8220; type=&#8220;full_width&#8220; angled_section=&#8220;no&#8220; text_align=&#8220;left&#8220; background_image_as_pattern=&#8220;without_pattern&#8220;][vc_column][vc_empty_space height=&#8220;60px&#8220;][vc_column_text]<\/p>\n<h1 style=\"text-align: center;\">Preise<\/h1>\n<p>\n[\/vc_column_text][vc_empty_space height=&#8220;30px&#8220;][\/vc_column][\/vc_row][vc_row css_animation=&#8220;&#8220; row_type=&#8220;row&#8220; use_row_as_full_screen_section=&#8220;no&#8220; type=&#8220;full_width&#8220; angled_section=&#8220;no&#8220; text_align=&#8220;left&#8220; background_image_as_pattern=&#8220;without_pattern&#8220;][vc_column][qode_elements_holder number_of_columns=&#8220;two_columns&#8220;][qode_elements_holder_item vertical_alignment=&#8220;top&#8220; advanced_animations=&#8220;no&#8220;][vc_column_text css=&#8220;.vc_custom_1764963728187{padding-right: 15px !important;padding-left: 15px !important;}&#8220;]<\/p>\n<h2>Preise f\u00fcr \u00dcbernachtung und Fr\u00fchst\u00fcck<\/h2>\n<p>Die Preise richten sich nach den Veranstaltungen und verstehen sich inklusive Fr\u00fchst\u00fcck.<\/p>\n<p>F\u00fcr einen individuellen Kostenvoranschlag wenden Sie sich bitte direkt an uns!<\/p>\n<p><em>Tel.<\/em> 0541 389453 \/ 0541 389363<br \/><em>Cell.<\/em> 388 6338363<br \/><em>E-mail:<\/em> info@hotelardesia.com[\/vc_column_text][\/qode_elements_holder_item][qode_elements_holder_item vertical_alignment=&#8220;top&#8220; advanced_animations=&#8220;no&#8220;][vc_column_text css=&#8220;.vc_custom_1764963792604{padding-right: 15px !important;padding-left: 15px !important;}&#8220;]<span style=\"color: #5f5959;\">Die Preise beinhalten: Fr\u00fchst\u00fccksbuffet, Zimmer mit Balkon, Dusche oder Duschkabine, eigenes Bad, Direktwahltelefon, kostenloses WLAN im gesamten Hotel, Safe, Haartrockner, TV und Deckenventilator, Klimaanlage.<br \/>\n<\/span><\/p>\n<p><span style=\"color: #5f5959;\">Inklusive Mehrwertsteuer und ohne Kurtaxe. <\/span><\/p>\n<p><span style=\"color: #5f5959;\">Das Zimmer steht dem Gast am Anreisetag ab 15 Uhr und am Abreisetag bis 11 Uhr zur Verf\u00fcgung. <\/span>[\/vc_column_text][\/qode_elements_holder_item][\/qode_elements_holder][\/vc_column][\/vc_row][vc_row css_animation=&#8220;&#8220; row_type=&#8220;row&#8220; use_row_as_full_screen_section=&#8220;no&#8220; type=&#8220;full_width&#8220; angled_section=&#8220;no&#8220; text_align=&#8220;left&#8220; background_image_as_pattern=&#8220;without_pattern&#8220; el_class=&#8220;full&#8220; z_index=&#8220;&#8220;][vc_column][vc_empty_space height=&#8220;60px&#8220;][vc_raw_html]PGRpdiBjbGFzcz0icGFyYWxsYXggZmlyc3QiPjwvZGl2Pg==[\/vc_raw_html][\/vc_column][\/vc_row]<\/p>\n<\/div>","protected":false},"excerpt":{"rendered":"<p>[vc_row css_animation=&#8220;&#8220; row_type=&#8220;row&#8220; use_row_as_full_screen_section=&#8220;no&#8220; type=&#8220;full_width&#8220; angled_section=&#8220;no&#8220; text_align=&#8220;left&#8220; background_image_as_pattern=&#8220;without_pattern&#8220;][vc_column][vc_empty_space height=&#8220;60px&#8220;][vc_column_text] Preise [\/vc_column_text][vc_empty_space height=&#8220;30px&#8220;][\/vc_column][\/vc_row][vc_row css_animation=&#8220;&#8220; row_type=&#8220;row&#8220; use_row_as_full_screen_section=&#8220;no&#8220; type=&#8220;full_width&#8220; angled_section=&#8220;no&#8220; text_align=&#8220;left&#8220; background_image_as_pattern=&#8220;without_pattern&#8220;][vc_column][qode_elements_holder number_of_columns=&#8220;two_columns&#8220;][qode_elements_holder_item vertical_alignment=&#8220;top&#8220; advanced_animations=&#8220;no&#8220;][vc_column_text css=&#8220;.vc_custom_1764963728187{padding-right: 15px !important;padding-left: 15px !important;}&#8220;] Preise f\u00fcr \u00dcbernachtung und Fr\u00fchst\u00fcck Die Preise richten sich nach den Veranstaltungen und verstehen sich inklusive Fr\u00fchst\u00fcck. F\u00fcr&#8230;<\/p>\n","protected":false},"author":1,"featured_media":0,"parent":0,"menu_order":0,"comment_status":"closed","ping_status":"closed","template":"full_width.php","meta":{"_monsterinsights_skip_tracking":false,"_monsterinsights_sitenote_active":false,"_monsterinsights_sitenote_note":"","_monsterinsights_sitenote_category":0,"footnotes":""},"class_list":["post-3492","page","type-page","status-publish","hentry"],"aioseo_notices":[],"_links":{"self":[{"href":"https:\/\/hotelardesia.com\/de\/wp-json\/wp\/v2\/pages\/3492","targetHints":{"allow":["GET"]}}],"collection":[{"href":"https:\/\/hotelardesia.com\/de\/wp-json\/wp\/v2\/pages"}],"about":[{"href":"https:\/\/hotelardesia.com\/de\/wp-json\/wp\/v2\/types\/page"}],"author":[{"embeddable":true,"href":"https:\/\/hotelardesia.com\/de\/wp-json\/wp\/v2\/users\/1"}],"replies":[{"embeddable":true,"href":"https:\/\/hotelardesia.com\/de\/wp-json\/wp\/v2\/comments?post=3492"}],"version-history":[{"count":0,"href":"https:\/\/hotelardesia.com\/de\/wp-json\/wp\/v2\/pages\/3492\/revisions"}],"wp:attachment":[{"href":"https:\/\/hotelardesia.com\/de\/wp-json\/wp\/v2\/media?parent=3492"}],"curies":[{"name":"wp","href":"https:\/\/api.w.org\/{rel}","templated":true}]}}

<div class="wpb-content-wrapper"><p>[vc_row css_animation=&#8220;&#8220; row_type=&#8220;row&#8220; use_row_as_full_screen_section=&#8220;no&#8220; type=&#8220;full_width&#8220; angled_section=&#8220;no&#8220; text_align=&#8220;left&#8220; background_image_as_pattern=&#8220;without_pattern&#8220;][vc_column][vc_empty_space height=&#8220;60px&#8220;][vc_column_text]</p>
<h1 style="text-align: center;">Preise</h1>
<p>
[/vc_column_text][vc_empty_space height=&#8220;30px&#8220;][/vc_column][/vc_row][vc_row css_animation=&#8220;&#8220; row_type=&#8220;row&#8220; use_row_as_full_screen_section=&#8220;no&#8220; type=&#8220;full_width&#8220; angled_section=&#8220;no&#8220; text_align=&#8220;left&#8220; background_image_as_pattern=&#8220;without_pattern&#8220;][vc_column][qode_elements_holder number_of_columns=&#8220;two_columns&#8220;][qode_elements_holder_item vertical_alignment=&#8220;top&#8220; advanced_animations=&#8220;no&#8220;][vc_column_text css=&#8220;.vc_custom_1764963728187{padding-right: 15px !important;padding-left: 15px !important;}&#8220;]</p>
<h2>Preise für Übernachtung und Frühstück</h2>
<p>Die Preise richten sich nach den Veranstaltungen und verstehen sich inklusive Frühstück.</p>
<p>Für einen individuellen Kostenvoranschlag wenden Sie sich bitte direkt an uns!</p>
<p><em>Tel.</em> 0541 389453 / 0541 389363<br /><em>Cell.</em> 388 6338363<br /><em>E-mail:</em> info@hotelardesia.com[/vc_column_text][/qode_elements_holder_item][qode_elements_holder_item vertical_alignment=&#8220;top&#8220; advanced_animations=&#8220;no&#8220;][vc_column_text css=&#8220;.vc_custom_1764963792604{padding-right: 15px !important;padding-left: 15px !important;}&#8220;]<span style="color: #5f5959;">Die Preise beinhalten: Frühstücksbuffet, Zimmer mit Balkon, Dusche oder Duschkabine, eigenes Bad, Direktwahltelefon, kostenloses WLAN im gesamten Hotel, Safe, Haartrockner, TV und Deckenventilator, Klimaanlage.<br />
</span></p>
<p><span style="color: #5f5959;">Inklusive Mehrwertsteuer und ohne Kurtaxe. </span></p>
<p><span style="color: #5f5959;">Das Zimmer steht dem Gast am Anreisetag ab 15 Uhr und am Abreisetag bis 11 Uhr zur Verfügung. </span>[/vc_column_text][/qode_elements_holder_item][/qode_elements_holder][/vc_column][/vc_row][vc_row css_animation=&#8220;&#8220; row_type=&#8220;row&#8220; use_row_as_full_screen_section=&#8220;no&#8220; type=&#8220;full_width&#8220; angled_section=&#8220;no&#8220; text_align=&#8220;left&#8220; background_image_as_pattern=&#8220;without_pattern&#8220; el_class=&#8220;full&#8220; z_index=&#8220;&#8220;][vc_column][vc_empty_space height=&#8220;60px&#8220;][vc_raw_html]PGRpdiBjbGFzcz0icGFyYWxsYXggZmlyc3QiPjwvZGl2Pg==[/vc_raw_html][/vc_column][/vc_row]</p>
</div>

<p>[vc_row css_animation=&#8220;&#8220; row_type=&#8220;row&#8220; use_row_as_full_screen_section=&#8220;no&#8220; type=&#8220;full_width&#8220; angled_section=&#8220;no&#8220; text_align=&#8220;left&#8220; background_image_as_pattern=&#8220;without_pattern&#8220;][vc_column][vc_empty_space height=&#8220;60px&#8220;][vc_column_text] Preise [/vc_column_text][vc_empty_space height=&#8220;30px&#8220;][/vc_column][/vc_row][vc_row css_animation=&#8220;&#8220; row_type=&#8220;row&#8220; use_row_as_full_screen_section=&#8220;no&#8220; type=&#8220;full_width&#8220; angled_section=&#8220;no&#8220; text_align=&#8220;left&#8220; background_image_as_pattern=&#8220;without_pattern&#8220;][vc_column][qode_elements_holder number_of_columns=&#8220;two_columns&#8220;][qode_elements_holder_item vertical_alignment=&#8220;top&#8220; advanced_animations=&#8220;no&#8220;][vc_column_text css=&#8220;.vc_custom_1764963728187{padding-right: 15px !important;padding-left: 15px !important;}&#8220;] Preise für Übernachtung und Frühstück Die Preise richten sich nach den Veranstaltungen und verstehen sich inklusive Frühstück. Für&#8230;</p>
