{"id":4108,"date":"2025-12-15T21:38:00","date_gmt":"2025-12-15T20:38:00","guid":{"rendered":"https:\/\/hotelardesia.com\/precios"},"modified":"2025-12-15T21:38:00","modified_gmt":"2025-12-15T20:38:00","slug":"precios","status":"publish","type":"page","link":"https:\/\/hotelardesia.com\/es\/precios","title":{"rendered":"Precios"},"content":{"rendered":"<div class=\"wpb-content-wrapper\"><p>[vc_row css_animation=\u00bb\u00bb row_type=\u00bbrow\u00bb use_row_as_full_screen_section=\u00bbno\u00bb type=\u00bbfull_width\u00bb angled_section=\u00bbno\u00bb text_align=\u00bbleft\u00bb background_image_as_pattern=\u00bbwithout_pattern\u00bb][vc_column][vc_empty_space height=\u00bb60px\u00bb][vc_column_text]<\/p>\n<h1 style=\"text-align: center;\">Precios<\/h1>\n<p>[\/vc_column_text][vc_empty_space height=\u00bb30px\u00bb][\/vc_column][\/vc_row][vc_row css_animation=\u00bb\u00bb row_type=\u00bbrow\u00bb use_row_as_full_screen_section=\u00bbno\u00bb type=\u00bbfull_width\u00bb angled_section=\u00bbno\u00bb text_align=\u00bbleft\u00bb background_image_as_pattern=\u00bbwithout_pattern\u00bb][vc_column][qode_elements_holder number_of_columns=\u00bbtwo_columns\u00bb][qode_elements_holder_item vertical_alignment=\u00bbtop\u00bb advanced_animations=\u00bbno\u00bb][vc_column_text css=\u00bb.vc_custom_1764963728187{padding-right: 15px !important;padding-left: 15px !important;}\u00bb]<\/p>\n<h2>Precios por alojamiento y desayuno<\/h2>\n<p>Los precios var\u00edan en funci\u00f3n de los eventos y todos incluyen el desayuno.<\/p>\n<p>Para obtener un presupuesto personalizado, \u00a1p\u00f3ngase en contacto con nosotros directamente!<\/p>\n<p><em>Tel.<\/em> 0541 389453 \/ 0541 389363<br \/><em>M\u00f3vil.<\/em> 388 6338363<br \/><em>Correo electr\u00f3nico:<\/em> info@hotelardesia.com[\/vc_column_text][\/qode_elements_holder_item][qode_elements_holder_item vertical_alignment=\u00bbtop\u00bb advanced_animations=\u00bbno\u00bb][vc_column_text css=\u00bb.vc_custom_1764963792604{padding-right: 15px !important;padding-left: 15px !important;}\u00bb]<span style=\"color: #5f5959;\">Los precios incluyen: desayuno buf\u00e9, habitaci\u00f3n con balc\u00f3n, ducha o cabina de ducha, ba\u00f1o privado, tel\u00e9fono directo, WI-FI gratuito en todo el hotel, caja fuerte, secador de pelo, TV y ventilador de techo, aire acondicionado.<br \/>\n<\/span><\/p>\n<p><span style=\"color: #5f5959;\">IVA incluido y tasa tur\u00edstica excluida.<\/span><\/p>\n<p><span style=\"color: #5f5959;\">La habitaci\u00f3n est\u00e1 a disposici\u00f3n del cliente desde las 15:00 horas del d\u00eda de llegada hasta las 11:00 horas del d\u00eda de salida.<br \/>\n<\/span>[\/vc_column_text][\/qode_elements_holder_item][\/qode_elements_holder][\/vc_column][\/vc_row][vc_row css_animation=\u00bb\u00bb row_type=\u00bbrow\u00bb use_row_as_full_screen_section=\u00bbno\u00bb type=\u00bbfull_width\u00bb angled_section=\u00bbno\u00bb text_align=\u00bbleft\u00bb background_image_as_pattern=\u00bbwithout_pattern\u00bb el_class=\u00bbfull\u00bb z_index=\u00bb\u00bb][vc_column][vc_empty_space height=\u00bb60px\u00bb][vc_raw_html]PGRpdiBjbGFzcz0icGFyYWxsYXggZmlyc3QiPjwvZGl2Pg==[\/vc_raw_html][\/vc_column][\/vc_row]<\/p>\n<\/div>","protected":false},"excerpt":{"rendered":"<p>[vc_row css_animation=\u00bb\u00bb row_type=\u00bbrow\u00bb use_row_as_full_screen_section=\u00bbno\u00bb type=\u00bbfull_width\u00bb angled_section=\u00bbno\u00bb text_align=\u00bbleft\u00bb background_image_as_pattern=\u00bbwithout_pattern\u00bb][vc_column][vc_empty_space height=\u00bb60px\u00bb][vc_column_text] Precios [\/vc_column_text][vc_empty_space height=\u00bb30px\u00bb][\/vc_column][\/vc_row][vc_row css_animation=\u00bb\u00bb row_type=\u00bbrow\u00bb use_row_as_full_screen_section=\u00bbno\u00bb type=\u00bbfull_width\u00bb angled_section=\u00bbno\u00bb text_align=\u00bbleft\u00bb background_image_as_pattern=\u00bbwithout_pattern\u00bb][vc_column][qode_elements_holder number_of_columns=\u00bbtwo_columns\u00bb][qode_elements_holder_item vertical_alignment=\u00bbtop\u00bb advanced_animations=\u00bbno\u00bb][vc_column_text css=\u00bb.vc_custom_1764963728187{padding-right: 15px !important;padding-left: 15px !important;}\u00bb] Precios por alojamiento y desayuno Los precios var\u00edan en funci\u00f3n de los eventos y todos incluyen el desayuno&#8230;.<\/p>\n","protected":false},"author":1,"featured_media":0,"parent":0,"menu_order":0,"comment_status":"closed","ping_status":"closed","template":"full_width.php","meta":{"_monsterinsights_skip_tracking":false,"_monsterinsights_sitenote_active":false,"_monsterinsights_sitenote_note":"","_monsterinsights_sitenote_category":0,"footnotes":""},"class_list":["post-4108","page","type-page","status-publish","hentry"],"aioseo_notices":[],"_links":{"self":[{"href":"https:\/\/hotelardesia.com\/es\/wp-json\/wp\/v2\/pages\/4108","targetHints":{"allow":["GET"]}}],"collection":[{"href":"https:\/\/hotelardesia.com\/es\/wp-json\/wp\/v2\/pages"}],"about":[{"href":"https:\/\/hotelardesia.com\/es\/wp-json\/wp\/v2\/types\/page"}],"author":[{"embeddable":true,"href":"https:\/\/hotelardesia.com\/es\/wp-json\/wp\/v2\/users\/1"}],"replies":[{"embeddable":true,"href":"https:\/\/hotelardesia.com\/es\/wp-json\/wp\/v2\/comments?post=4108"}],"version-history":[{"count":0,"href":"https:\/\/hotelardesia.com\/es\/wp-json\/wp\/v2\/pages\/4108\/revisions"}],"wp:attachment":[{"href":"https:\/\/hotelardesia.com\/es\/wp-json\/wp\/v2\/media?parent=4108"}],"curies":[{"name":"wp","href":"https:\/\/api.w.org\/{rel}","templated":true}]}}

<div class="wpb-content-wrapper"><p>[vc_row css_animation=»» row_type=»row» use_row_as_full_screen_section=»no» type=»full_width» angled_section=»no» text_align=»left» background_image_as_pattern=»without_pattern»][vc_column][vc_empty_space height=»60px»][vc_column_text]</p>
<h1 style="text-align: center;">Precios</h1>
<p>[/vc_column_text][vc_empty_space height=»30px»][/vc_column][/vc_row][vc_row css_animation=»» row_type=»row» use_row_as_full_screen_section=»no» type=»full_width» angled_section=»no» text_align=»left» background_image_as_pattern=»without_pattern»][vc_column][qode_elements_holder number_of_columns=»two_columns»][qode_elements_holder_item vertical_alignment=»top» advanced_animations=»no»][vc_column_text css=».vc_custom_1764963728187{padding-right: 15px !important;padding-left: 15px !important;}»]</p>
<h2>Precios por alojamiento y desayuno</h2>
<p>Los precios varían en función de los eventos y todos incluyen el desayuno.</p>
<p>Para obtener un presupuesto personalizado, ¡póngase en contacto con nosotros directamente!</p>
<p><em>Tel.</em> 0541 389453 / 0541 389363<br /><em>Móvil.</em> 388 6338363<br /><em>Correo electrónico:</em> info@hotelardesia.com[/vc_column_text][/qode_elements_holder_item][qode_elements_holder_item vertical_alignment=»top» advanced_animations=»no»][vc_column_text css=».vc_custom_1764963792604{padding-right: 15px !important;padding-left: 15px !important;}»]<span style="color: #5f5959;">Los precios incluyen: desayuno bufé, habitación con balcón, ducha o cabina de ducha, baño privado, teléfono directo, WI-FI gratuito en todo el hotel, caja fuerte, secador de pelo, TV y ventilador de techo, aire acondicionado.<br />
</span></p>
<p><span style="color: #5f5959;">IVA incluido y tasa turística excluida.</span></p>
<p><span style="color: #5f5959;">La habitación está a disposición del cliente desde las 15:00 horas del día de llegada hasta las 11:00 horas del día de salida.<br />
</span>[/vc_column_text][/qode_elements_holder_item][/qode_elements_holder][/vc_column][/vc_row][vc_row css_animation=»» row_type=»row» use_row_as_full_screen_section=»no» type=»full_width» angled_section=»no» text_align=»left» background_image_as_pattern=»without_pattern» el_class=»full» z_index=»»][vc_column][vc_empty_space height=»60px»][vc_raw_html]PGRpdiBjbGFzcz0icGFyYWxsYXggZmlyc3QiPjwvZGl2Pg==[/vc_raw_html][/vc_column][/vc_row]</p>
</div>

<p>[vc_row css_animation=»» row_type=»row» use_row_as_full_screen_section=»no» type=»full_width» angled_section=»no» text_align=»left» background_image_as_pattern=»without_pattern»][vc_column][vc_empty_space height=»60px»][vc_column_text] Precios [/vc_column_text][vc_empty_space height=»30px»][/vc_column][/vc_row][vc_row css_animation=»» row_type=»row» use_row_as_full_screen_section=»no» type=»full_width» angled_section=»no» text_align=»left» background_image_as_pattern=»without_pattern»][vc_column][qode_elements_holder number_of_columns=»two_columns»][qode_elements_holder_item vertical_alignment=»top» advanced_animations=»no»][vc_column_text css=».vc_custom_1764963728187{padding-right: 15px !important;padding-left: 15px !important;}»] Precios por alojamiento y desayuno Los precios varían en función de los eventos y todos incluyen el desayuno&#8230;.</p>
